
1442442
What is 21c3d1 (base 15) in base 7?
16456024
Convert 322131 (base 12) to base 13.
219409
4873a (base 11) to base 16
111d6
Convert -112812 (base 10) to base 4.
-123202230
Convert 12a6562 (base 13) to base 5.
3000302422
Convert 9c5383 (base 14) to base 2.
10100010001110011110111
-f904d0 (base 16) to base 3
-1010201010102012
What is -355192 (base 14) in base 7?
-21315642
40415041 (base 8) to base 7
132321135
What is -10728324 (base 9) in base 11?
-2a42562
What is -151545231 (base 6) in base 4?
-30012031303
-121212112210002 (base 3) to base 6
-520103432
12a412 (base 11) to base 8
616554
What is 10210013121 (base 4) in base 7?
13112232
Convert -102310202 (base 4) to base 14.
-20146
Convert -17629 (base 14) to base 16.
-e5d5
What is 201010202101 (base 3) in base 14?
9b402
Convert 67751 (base 11) to base 4.
113330102
Convert 762567 (base 9) to base 13.
12bc1a
Convert 48763 (base 12) to base 15.
1ded6
Convert 3bc1fb (base 16) to base 15.
5255a8
-4504463 (base 8) to base 6
-42011535
-1100101110101000010 (base 2) to base 6
-12534550
10120221 (base 4) to base 10
17961
What is 2309a (base 16) in base 5?
14043024
What is 59893 (base 14) in base 10?
218473
Convert 2b6d7 (base 15) to base 9.
232844
86560 (base 9) to base 10
57321
4ad81 (base 14) to base 8
546725
What is 1113505325 (base 6) in base 7?
205562645
140454441 (base 6) to base 14
53c369
What is -32b06 (base 14) in base 10?
-122898
What is 2994 (base 11) in base 15?
121e
What is -122022022221 (base 3) in base 5?
-41400214
Convert 47ea (base 15) to base 9.
22874
What is 15b666a (base 13) in base 10?
7011729
Convert 569b3 (base 12) to base 4.
130030113
Convert 35a404 (base 12) to base 3.
1122002201111
What is 1010202000 (base 3) in base 9?
33660
12211201220201 (base 3) to base 6
150313501
What is 1300112442 (base 5) in base 14?
5b64ca
What is -1100101001110000010 (base 2) in base 5?
-101231334
What is 110000110101010000 (base 2) in base 7?
1462065
What is 341424232 (base 5) in base 11?
944802
210220010 (base 3) to base 15
4ae0
What is d92d70 (base 14) in base 16?
7015b6
10410742 (base 9) to base 16
4cb21b
Convert 177a478 (base 12) to base 6.
252455032
What is 1122201200 (base 3) in base 4?
13331133
25a290 (base 11) to base 8
1436576
What is -81692 (base 15) in base 6?
-12441302
-27e29c (base 15) to base 12
-787810
Convert -102111131333 (base 4) to base 15.
-64e252
Convert 29ad5 (base 16) to base 15.
358a9
-32860432 (base 9) to base 11
-8a96953
What is 3094780 (base 10) in base 14?
5a7b9a
What is 21121211022 (base 3) in base 5?
14300142
What is 35c88 (base 15) in base 12?
83362
Convert -7d5111 (base 15) to base 8.
-26664722
What is 17b42 (base 13) in base 4?
23030131
Convert 3656226 (base 7) to base 8.
1622002
-4030242 (base 8) to base 11
-66518a
What is 9ebb (base 16) in base 3?
2001202000
Convert 989a15 (base 11) to base 3.
2222021001211
Convert 220002221011 (base 3) to base 15.
95904
-33222142 (base 6) to base 10
-998414
10000110101010110001 (base 2) to base 12
227269
Convert -51a224 (base 11) to base 9.
-1510272
210230112 (base 4) to base 5
14302134
What is -312211220 (base 4) in base 13?
-7aa05
Convert 4546710 (base 9) to base 12.
9a3123
What is 6026b (base 14) in base 5?
24342413
What is 10011100101100101 (base 2) in base 12?
3a519
-22020525 (base 6) to base 12
-277745
-1000112122111 (base 3) to base 6
-15341451
Convert -40540 (base 13) to base 7.
-656455
Convert 3a4ae (base 16) to base 8.
722256
What is -549680 (base 12) in base 5?
-320443431
What is 3a2474 (base 11) in base 15?
c7760
-12022022 (base 4) to base 13
-b636
What is 11101001011111101 (base 2) in base 6?
2321245
Convert 175231 (base 9) to base 5.
11440221
-1aaa3 (base 14) to base 9
-113200
What is -a4acf (base 16) in base 13?
-1a8026
Convert 11000011100110 (base 2) to base 5.
400033
1045744 (base 15) to base 4
230102313313
Convert -517a44 (base 11) to base 8.
-3126007
-350611 (base 7) to base 15
-138bd
Convert -187167 (base 10) to base 3.
-100111202010
23713858 (base 9) to base 7
200311556
What is 258c3a (base 13) in base 2?
11011100111101010100
What is -49966 (base 15) in base 6?
-5011540
1441414 (base 5) to base 13
1107a
Convert 1112040114 (base 5) to base 10.
2455659
Convert 33030012233 (base 4) to base 8.
17140657
What is -220222201112 (base 3) in base 8?
-1700541
Convert 3a44a43 (base 11) to base 16.
6aaa02
Convert -151b4b (base 15) to base 10.
-1018421
Convert 116203105 (base 7) to base 14.
d8ac75
What is -3cc539 (base 13) in base 8?
-5522134
-422736 (base 11) to base 12
-287976
What is -161b4b (base 12) in base 7?
-3126005
4a58174 (base 11) to base 4
201133300021
11000111101000100101111 (base 2) to base 5
3133312430
What is 630b9 (base 13) in base 12?
870a5
What is 101431140 (base 5) in base 10?
420795
-214798b (base 13) to base 11
-5807532
What is -350272 (base 9) in base 10?
-210179
Convert 3102332130 (base 4) to base 5.
210123111
What is 37ff8 (base 16) in base 14?
5d836
Convert -2093c (base 16) to base 8.
-404474
Convert -813852 (base 10) to base 15.
-11121c
-4644556 (base 7) to base 6
-20253404
What is 20010212000202 (base 3) in base 9?
6125022
What is 55425144 (base 6) in base 5?
411332200
47db41 (base 15) to base 5
1340011121
What is -10321224430 (base 5) in base 3?
-202220211022220
Convert -11001111011010111011101 (base 2) to base 8.
-31732735
-121122020022 (base 3) to base 11
-20405a
What is 4120443 (base 6) in base 8?
601053
Convert -110451333 (base 6) to base 4.
-13213222221
-14040444 (base 5) to base 16
-22f91
Convert -5d472 (base 14) to base 4.
-313310130
-21cc80 (base 16) to base 14
-419332
-1451013 (base 7) to base 16
-30273
Convert -4233004 (base 5) to base 2.
-10001010101011100
-37994a7 (base 11) to base 9
-13347740
1509041 (base 12) to base 5
2041330440
What is 6224542 (base 7) in base 4?
2312013211
What is -1380462 (base 9) in base 11?
-480103
What is 111012021100222 (base 3) in base 16?
6b00a8
Convert -150443 (base 7) to base 3.
-1110211112
31324516 (base 7) to base 14
4cbd7d
-424415215 (base 6) to base 15
-9d1bb8
2002121022022 (base 3) to base 10
1114136
-101101000110110111 (base 2) to base 13
-66133
55361 (base 8) to base 6
255441
What is 651122 (base 8) in base 11?
139603
Convert -1431466 (base 9) to base 13.
-217b39
-1011010100111101111 (base 2) to base 15
-74ea8
What is -3602b2 (base 12) in base 5?
-210340314
4202010 (base 5) to base 6
1251245
Convert 189791 (base 10) to base 6.
4022355
What is 2011321312 (base 4) in base 14?
103c46
Convert 1110110101001110110111 (base 2) to base 5.
1443404210
What is 749005 (base 15) in base 11?
314a746
-20012120120111 (base 3) to base 2
-1100100101010001101110
What is -1400995 (base 11) in base 8?
-11160476
What is -1c17e (base 15) in base 11?
-627a4
Convert -624a37 (base 12) to base 5.
-343332414
Convert 110000111000100000100000 (base 2) to base 4.
300320200200
What is -231210 (base 9) in base 10?
-138681
What is -1001020111021 (base 3) in base 12?
-229814
342856 (base 11) to base 6
15405012
100010001011010101000 (base 2) to base 7
12343023
What is 3944e (base 16) in base 6?
5005554
-220030345 (base 6) to base 16
-3bdcb9
981b (base 14) to base 16
66b1
What is 11100000011011011110 (base 2) in base 10?
919262
What is -298351 (base 11) in base 13?
-133816
-212168 (base 9) to base 2
-11110110100110100
What is 36015124 (base 9) in base 2?
1000010111100001001010110
-333502122 (base 6) to base 11
-3468500
What is -1993044 (base 10) in base 15?
-2957e9
13221302 (base 4) to base 13
11363
1001110000011010101 (base 2) to base 6
10504033
122133221 (base 4) to base 8
323751
Convert 714528 (base 9) to base 8.
1472523
484919 (base 10) to base 3
220122011222
What is 551066 (base 7) in base 6?
2022235
Convert -23434504 (base 6) to base 12.
-2b5a34
Convert 11313223222 (base 4) to base 2.
101110111101011101010
Convert 3620420 (base 8) to base 9.
1771071
What is 105a09 (base 13) in base 10?
383977
What is 4aeb1 (base 16) in base 4?
1022322301
What is -11012221211 (base 3) in base 11?
-57462
-454025 (base 13) to base 14
-308700
What is 92c8d (base 14) in base 9?
588170
2267b (base 13) to base 14
18b7a
Convert -121230122 (base 4) to base 16.
-19b1a
f279 (base 16) to base 9
104130
Convert 2aaa620 (base 11) to base 4.
110101120310
Convert 1001102022011111 (base 3) to base 4.
3